c5 + 906?
-7bd
In base 10, what is 2415 - -205?
2620
In base 3, what is -11211000 + -211212?
-12122212
In base 2, what is -11001000 + -1011001010?
-1110010010
In base 8, what is 2 + 5462?
5464
In base 10, what is -137630 + -4?
-137634
In base 15, what is 3 - -c278?
c27b
In base 15, what is 351a + 19?
3534
In base 8, what is -16 + -2120?
-2136
In base 4, what is 0 - -1020112?
1020112
In base 3, what is 1 - -2221111200?
2221111201
In base 4, what is -1 + -1220310?
-1220311
In base 11, what is 1517 + 40?
1557
In base 15, what is 38c10 + -4?
38c0b
In base 14, what is -d0 + -3373?
-3463
In base 15, what is ae50 - -1?
ae51
In base 7, what is 2002510 - 1?
2002506
In base 12, what is 379 - 0?
379
In base 13, what is 5541 - 1?
5540
In base 11, what is -137652 + -4?
-137656
In base 7, what is 232451 - -12?
232463
In base 4, what is 0 + 2301101022?
2301101022
In base 3, what is -100001100 - -11?
-100001012
In base 15, what is 15da + c5?
16b0
In base 16, what is 4006 - -4?
400a
In base 8, what is 4207 + -2062?
2125
In base 14, what is 3 + 28c86?
28c89
In base 7, what is 1351 - -100?
1451
In base 12, what is 5 + 678?
681
In base 4, what is -1 + 1312100130?
1312100123
In base 16, what is -2097 + 96?
-2001
In base 13, what is 3b60 + 63?
3bc3
In base 6, what is -50335 - 202?
-50541
In base 6, what is 13120 - -110?
13230
In base 10, what is -216 - -580?
364
In base 8, what is -32557 - -10?
-32547
In base 3, what is -11 - -22202000?
22201212
In base 4, what is -1023130 - 20132?
-1103322
In base 9, what is 45 + -647?
-602
In base 6, what is -4 - 51504?
-51512
In base 4, what is 11 + 2032301102?
2032301113
In base 15, what is -3 + -601?
-604
In base 5, what is -402300 + -2?
-402302
In base 4, what is 2 - -1322123?
1322131
In base 4, what is 10100 + 33212?
103312
In base 5, what is -4144 - -301?
-3343
In base 12, what is 504a4 - 10?
50494
In base 14, what is c5 - 108?
-23
In base 4, what is 2202021233 + -10?
2202021223
In base 4, what is -2313033 + -2?
-2313101
In base 2, what is 10 + -10011101110101?
-10011101110011
In base 14, what is -5 + 12a648?
12a643
In base 8, what is 5 - -36046?
36053
In base 9, what is 15 + -4805?
-4780
In base 14, what is 5298 + -5?
5293
In base 14, what is -1 + 182b5?
182b4
In base 12, what is 1706 - 34a?
1378
In base 15, what is -76d1 + 1?
-76d0
In base 12, what is 18850 - -4?
18854
In base 4, what is -33121 - -211?
-32310
In base 14, what is -1d0 - -55?
-179
In base 14, what is -7 - 3259?
-3262
In base 9, what is -8665 - -5?
-8660
In base 5, what is -402033112 - -2?
-402033110
In base 14, what is 2 - 29771?
-2976d
In base 12, what is -a + -3385?
-3393
In base 15, what is -98 - -329c?
3204
In base 8, what is -24 + -2671?
-2715
In base 2, what is 100 - 10101110011000000001?
-10101110010111111101
In base 14, what is -ac9 - -61?
-a68
In base 7, what is -336 + -14361?
-15030
In base 9, what is 50872 - -71?
51053
In base 6, what is 121212 - -113?
121325
In base 11, what is -5 - 6234?
-6239
In base 11, what is -844a + -21?
-8470
In base 2, what is 11111010100101101 - 110?
11111010100100111
In base 12, what is a55 - -1941?
2796
In base 15, what is -74 - 4e15?
-4e89
In base 13, what is 412940 + 2?
412942
In base 4, what is 22 - -1113312?
1120000
In base 15, what is -2 + 627c?
627a
In base 11, what is 97135 - -2?
97137
In base 14, what is -2 - b4d?
-b51
In base 16, what is 1 + 315b?
315c
In base 8, what is -2076 + 33?
-2043
In base 10, what is -143 - -70?
-73
In base 11, what is 2542 + -4?
2539
In base 15, what is 42 - 966?
-924
In base 3, what is 212012000101 + 10?
212012000111
In base 2, what is 100011 - 100101101101?
-100101001010
In base 6, what is 15433 - 42?
15351
In base 8, what is 22731 - -24?
22755
In base 16, what is -22 + -23e6?
-2408
In base 3, what is 0 + -22011010022?
-22011010022
In base 8, what is -11626 + 21?
-11605
In base 2, what is 1 - 1011110?
-1011101
In base 2, what is 110101011 - -10101001?
1001010100
In base 3, what is 2201100 - 10221?
2120102
In base 10, what is -3 + 73205?
73202
In base 3, what is -12 + 211100012?
211100000
In base 13, what is -381bc + -10?
-381cc
In base 4, what is 11031321 - -11?
11031332
In base 5, what is -1 + -2210231?
-2210232
In base 16, what is 82d + 8?
835
In base 15, what is 4ca2 - -3?
4ca5
In base 9, what is 5 - -418?
424
In base 16, what is 32dc + -3b?
32a1
In base 12, what is 32 + -7b2?
-780
In base 2, what is 1111 - 111110001111111?
-111110001110000
In base 9, what is -106 + 7478?
7372
In base 11, what is 8 - -1519?
1526
In base 6, what is 154345 - -14?
154403
In base 13, what is 10001b + -2?
100019
In base 3, what is 100121022 + 2?
100121101
In base 2, what is -11 + 1111000011?
1111000000
In base 11, what is -24645a - 2?
-246461
In base 9, what is -17118 - 4?
-17123
In base 15, what is -1838 + a5?
-1783
In base 3, what is 22102 - -1111111?
1210220
In base 16, what is -15d5 + -b?
-15e0
In base 8, what is 24644 - 1?
24643
In base 9, what is -3 - -11561?
11557
In base 8, what is -420 - 51?
-471
In base 16, what is 5ab58 - -7?
5ab5f
In base 4, what is -101 + -111102?
-111203
In base 10, what is -7 - -170225?
170218
In base 14, what is -547 - 43?
-58a
In base 11, what is -2 - -1158?
1156
In base 16, what is 5aa03 + 1?
5aa04
In base 8, what is 1116223 + 4?
1116227
In base 6, what is -110 + -144?
-254
In base 12, what is 58737 + 3?
5873a
In base 7, what is 2201 - -233?
2434
In base 11, what is 12722 - 4?
12719
In base 10, what is 729 - 27?
702
In base 15, what is ad - -25c4?
2682
In base 10, what is 2308063 + 3?
2308066
In base 4, what is 133 + 1202033?
1202232
In base 12, what is 188083 - 4?
18807b
In base 14, what is -4 + 1b316?
1b312
In base 8, what is -2 - 12002?
-12004
In base 6, what is -1354500 - 13?
-1354513
In base 2, what is -10010000100101110 + 100?
-10010000100101010
In base 12, what is 6481 - 36?
6447
In base 14, what is -66d + -95?
-724
In base 6, what is -3 - -1511234?
1511231
In base 12, what is 30b4ba4 - 4?
30b4ba0
In base 12, what is -17 + -11997?
-119b2
In base 2, what is 10110 - 1010001101011010?
-1010001101000100
In base 16, what is 12b6 + -1?
12b5
In base 4, what is -1202101120 + 3?
-1202101111
In base 5, what is -2 - -1022430?
1022423
In base 3, what is -2122212101 + -10?
-2122212111
In base 16, what is 14f - -1642?
1791
In base 5, what is 0 + 103330?
103330
In base 5, what is -23 - 11100420?
-11100443
In base 2, what is 110000101001011001 - 11?
110000101001010110
In base 7, what is -34 - 13114?
-13151
In base 6, what is 35340113 - -4?
35340121
In base 6, what is -4 - -20530145?
20530141
In base 14, what is 294 + -31?
263
In base 15, what is -5 - 19?
-1e
In base 14, what is 703 - 139?
5a8
In base 7, what is 2050253 - -14?
2050300
In base 6, what is 11152 + -235?
10513
In base 13, what is 2b - 2901?
-28a3
In base 2, what is 111110110011001 + -101?
111110110010100
In base 3, what is -10200 - 10?
-10210
In base 13, what is 6ba - cc5?
-608
In base 14, what is c8a80 + -7?
c8a77
In base 16, what is 25 - ba3?
-b7e
In base 8, what is 101774 - -1?
101775
In base 13, what is 5c45 - 2?
5c43
In base 8, what is 2 - -62315?
62317
In base 13, what is a - -7481?
748b
In base 14, what is -3 - -40266?
40263
In base 14, what is 1a - -4617c?
46198
In base 2, what is 10110111000111111100001 - 101?
10110111000111111011100
In base 12, what is -8 + 1a0b6?
1a0aa
In base 15, what is -2 + -d618?
-d61a
In base 15, what is 2a7 + -70?
237
In base 2, what is -100111000011 + -1011111?
-101000100010
In base 7, what is -3626 + -42?
-4001
In base 15, what is -27b57 - -5?
-27b52
In base 7, what is -50 - 13512?
-13562
In base 16, what is -4 - -442a?
4426
In base 16, what is -4 + -11f1?
-11f5
In base 16, what is -95a + -10?
-96a
In base 15, what is -56 - 11b?
-172
In base 8, what is -126 - 7?
-135
In base 12, what is 4294 + 7?
429b
In base 2, what is 11110001 + -1010110?
10011011
In base 11, what is -5 + a7367?
a7362
In base 14, what is bb - -80?
15b
In base 14, what is -2 - -78493?
78491
In base 5, what is 324342 + 10?
324402
In base 6, what is 5015 + -311?
4304
In base 6, what is -5 - -13044113?
13044104
In base 4, what is -100322112 + -1?
-100322113
In base 14, what is -1a4b70 + -1?
-1a4b71
In base 6, what is 3341 + 433?
4214
In base 5, what is -1 + 22112230?
22112224
In base 12, what is -689264 + 4?